{"id":189,"date":"2016-05-08T17:22:51","date_gmt":"2016-05-08T17:22:51","guid":{"rendered":"https:\/\/oceanwp.org\/gym\/?page_id=189"},"modified":"2024-11-14T16:04:40","modified_gmt":"2024-11-14T21:04:40","slug":"about-us","status":"publish","type":"page","link":"https:\/\/segentech.co\/?page_id=189","title":{"rendered":"Nosotros"},"content":{"rendered":"\t\t<div data-elementor-type=\"wp-post\" data-elementor-id=\"189\" class=\"elementor elementor-189\">\n\t\t\t\t\t\t<section class=\"elementor-section elementor-top-section elementor-element elementor-element-d977375 elementor-section-boxed elementor-section-height-default elementor-section-height-default\" data-id=\"d977375\" data-element_type=\"section\">\n\t\t\t\t\t\t<div class=\"elementor-container elementor-column-gap-default\">\n\t\t\t\t\t<div class=\"elementor-column elementor-col-100 elementor-top-column elementor-element elementor-element-b6ae903\" data-id=\"b6ae903\" data-element_type=\"column\">\n\t\t\t<div class=\"elementor-widget-wrap elementor-element-populated\">\n\t\t\t\t\t\t<div class=\"elementor-element elementor-element-a51e8cf elementor-widget elementor-widget-image\" data-id=\"a51e8cf\" data-element_type=\"widget\" data-widget_type=\"image.default\">\n\t\t\t\t<div class=\"elementor-widget-container\">\n\t\t\t\t\t\t\t\t\t\t\t\t\t<img fetchpriority=\"high\" decoding=\"async\" width=\"1024\" height=\"374\" src=\"https:\/\/segentech.co\/wp-content\/uploads\/2024\/11\/Logo-Segen-1024x374.png\" class=\"attachment-large size-large wp-image-673\" alt=\"\" srcset=\"https:\/\/segentech.co\/wp-content\/uploads\/2024\/11\/Logo-Segen-1024x374.png 1024w, https:\/\/segentech.co\/wp-content\/uploads\/2024\/11\/Logo-Segen-300x110.png 300w, https:\/\/segentech.co\/wp-content\/uploads\/2024\/11\/Logo-Segen-768x281.png 768w, https:\/\/segentech.co\/wp-content\/uploads\/2024\/11\/Logo-Segen-600x219.png 600w, https:\/\/segentech.co\/wp-content\/uploads\/2024\/11\/Logo-Segen.png 1116w\" sizes=\"(max-width: 1024px) 100vw, 1024px\" \/>\t\t\t\t\t\t\t\t\t\t\t\t\t<\/div>\n\t\t\t\t<\/div>\n\t\t\t\t<div class=\"elementor-element elementor-element-430d8e1 elementor-widget elementor-widget-text-editor\" data-id=\"430d8e1\" data-element_type=\"widget\" data-widget_type=\"text-editor.default\">\n\t\t\t\t<div class=\"elementor-widget-container\">\n\t\t\t\t\t\t\t<p>Fundada hace m\u00e1s de una d\u00e9cada, <strong>SegenTech<\/strong> naci\u00f3 de la visi\u00f3n de un grupo de entusiastas de la tecnolog\u00eda que creyeron en la posibilidad de brindar acceso a equipos de alto rendimiento sin que esto representara un gran impacto en el bolsillo de los consumidores ni en el medio ambiente. Desde sus inicios en un peque\u00f1o local en Bogot\u00e1, SegenTech ha crecido hasta convertirse en un referente en el mercado de tecnolog\u00eda usada y certificada en Colombia.<\/p><p>Al identificar la creciente demanda de equipos tecnol\u00f3gicos a precios accesibles, SegenTech se propuso cubrir esta necesidad de forma responsable. Con el tiempo, hemos perfeccionado nuestros procesos de certificaci\u00f3n y mantenimiento, asegurando que cada dispositivo cumpla con los m\u00e1s altos est\u00e1ndares de calidad. Hoy en d\u00eda, SegenTech es un referente en el sector, conocido por su compromiso con la calidad, la sostenibilidad y el servicio al cliente.<\/p>\t\t\t\t\t\t<\/div>\n\t\t\t\t<\/div>\n\t\t\t\t\t<\/div>\n\t\t<\/div>\n\t\t\t\t\t<\/div>\n\t\t<\/section>\n\t\t\t\t<section class=\"elementor-section elementor-top-section elementor-element elementor-element-8786c18 elementor-section-boxed elementor-section-height-default elementor-section-height-default\" data-id=\"8786c18\" data-element_type=\"section\">\n\t\t\t\t\t\t<div class=\"elementor-container elementor-column-gap-default\">\n\t\t\t\t\t<div class=\"elementor-column elementor-col-50 elementor-top-column elementor-element elementor-element-0d7d591\" data-id=\"0d7d591\" data-element_type=\"column\">\n\t\t\t<div class=\"elementor-widget-wrap elementor-element-populated\">\n\t\t\t\t\t\t<div class=\"elementor-element elementor-element-13bf7b3 elementor-position-top elementor-invisible elementor-widget elementor-widget-image-box\" data-id=\"13bf7b3\" data-element_type=\"widget\" data-settings=\"{&quot;_animation&quot;:&quot;fadeIn&quot;}\" data-widget_type=\"image-box.default\">\n\t\t\t\t<div class=\"elementor-widget-container\">\n\t\t\t<div class=\"elementor-image-box-wrapper\"><figure class=\"elementor-image-box-img\"><img decoding=\"async\" width=\"200\" height=\"200\" src=\"https:\/\/segentech.co\/wp-content\/uploads\/2024\/11\/14.png\" class=\"attachment-full size-full wp-image-755\" alt=\"\" srcset=\"https:\/\/segentech.co\/wp-content\/uploads\/2024\/11\/14.png 200w, https:\/\/segentech.co\/wp-content\/uploads\/2024\/11\/14-150x150.png 150w, https:\/\/segentech.co\/wp-content\/uploads\/2024\/11\/14-100x100.png 100w\" sizes=\"(max-width: 200px) 100vw, 200px\" \/><\/figure><div class=\"elementor-image-box-content\"><h3 class=\"elementor-image-box-title\">Misi\u00f3n<\/h3><p class=\"elementor-image-box-description\">Nuestra misi\u00f3n en SegenTech es ofrecer tecnolog\u00eda de segunda mano de la m\u00e1s alta calidad, accesible para todos y con un compromiso inquebrantable hacia la sostenibilidad. Creemos que cada dispositivo merece una segunda vida y que, al ofrecer equipos certificados y garantizados, ayudamos a reducir el impacto ambiental y a brindar acceso a tecnolog\u00eda confiable a un costo accesible. Nos enfocamos en ser un aliado tecnol\u00f3gico para empresas, distribuidores y consumidores finales que buscan rendimiento y confiabilidad sin sacrificar sus finanzas.<\/p><\/div><\/div>\t\t<\/div>\n\t\t\t\t<\/div>\n\t\t\t\t\t<\/div>\n\t\t<\/div>\n\t\t\t\t<div class=\"elementor-column elementor-col-50 elementor-top-column elementor-element elementor-element-8fd4c92\" data-id=\"8fd4c92\" data-element_type=\"column\">\n\t\t\t<div class=\"elementor-widget-wrap elementor-element-populated\">\n\t\t\t\t\t\t<div class=\"elementor-element elementor-element-86f3a63 elementor-position-top elementor-invisible elementor-widget elementor-widget-image-box\" data-id=\"86f3a63\" data-element_type=\"widget\" data-settings=\"{&quot;_animation&quot;:&quot;fadeIn&quot;}\" data-widget_type=\"image-box.default\">\n\t\t\t\t<div class=\"elementor-widget-container\">\n\t\t\t<div class=\"elementor-image-box-wrapper\"><figure class=\"elementor-image-box-img\"><img decoding=\"async\" width=\"200\" height=\"200\" src=\"https:\/\/segentech.co\/wp-content\/uploads\/2024\/11\/15.png\" class=\"attachment-full size-full wp-image-756\" alt=\"\" srcset=\"https:\/\/segentech.co\/wp-content\/uploads\/2024\/11\/15.png 200w, https:\/\/segentech.co\/wp-content\/uploads\/2024\/11\/15-150x150.png 150w, https:\/\/segentech.co\/wp-content\/uploads\/2024\/11\/15-100x100.png 100w\" sizes=\"(max-width: 200px) 100vw, 200px\" \/><\/figure><div class=\"elementor-image-box-content\"><h3 class=\"elementor-image-box-title\">Visi\u00f3n<\/h3><p class=\"elementor-image-box-description\">Aspiramos a ser la empresa l\u00edder en tecnolog\u00eda usada y certificada en Am\u00e9rica Latina, ofreciendo una alternativa sustentable en el sector tecnol\u00f3gico. En los pr\u00f3ximos cinco a\u00f1os, buscamos expandir nuestra presencia en las principales ciudades de Colombia y otros pa\u00edses de la regi\u00f3n, llevando nuestro modelo de negocio a un nivel internacional. Queremos ser reconocidos no solo por la calidad de nuestros productos, sino tambi\u00e9n por nuestro impacto positivo en el medio ambiente y nuestra contribuci\u00f3n al desarrollo tecnol\u00f3gico.\n\n<\/p><\/div><\/div>\t\t<\/div>\n\t\t\t\t<\/div>\n\t\t\t\t\t<\/div>\n\t\t<\/div>\n\t\t\t\t\t<\/div>\n\t\t<\/section>\n\t\t\t\t<\/div>\n\t\t","protected":false},"excerpt":{"rendered":"<p>Fundada hace m\u00e1s de una d\u00e9cada, SegenTech naci\u00f3 de la visi\u00f3n de un grupo de entusiastas de la tecnolog\u00eda que creyeron en la posibilidad de brindar acceso a equipos de alto rendimiento sin que esto representara un gran impacto en el bolsillo de los consumidores ni en el medio ambiente. Desde sus inicios en un [&hellip;]<\/p>\n","protected":false},"author":1,"featured_media":0,"parent":0,"menu_order":0,"comment_status":"closed","ping_status":"closed","template":"","meta":{"ocean_post_layout":"full-screen","ocean_both_sidebars_style":"","ocean_both_sidebars_content_width":0,"ocean_both_sidebars_sidebars_width":0,"ocean_sidebar":"0","ocean_second_sidebar":"0","ocean_disable_margins":"on","ocean_add_body_class":"","ocean_shortcode_before_top_bar":"","ocean_shortcode_after_top_bar":"","ocean_shortcode_before_header":"","ocean_shortcode_after_header":"","ocean_has_shortcode":"","ocean_shortcode_after_title":"","ocean_shortcode_before_footer_widgets":"","ocean_shortcode_after_footer_widgets":"","ocean_shortcode_before_footer_bottom":"","ocean_shortcode_after_footer_bottom":"","ocean_display_top_bar":"default","ocean_display_header":"default","ocean_header_style":"","ocean_center_header_left_menu":"0","ocean_custom_header_template":"0","ocean_custom_logo":0,"ocean_custom_retina_logo":0,"ocean_custom_logo_max_width":0,"ocean_custom_logo_tablet_max_width":0,"ocean_custom_logo_mobile_max_width":0,"ocean_custom_logo_max_height":0,"ocean_custom_logo_tablet_max_height":0,"ocean_custom_logo_mobile_max_height":0,"ocean_header_custom_menu":"0","ocean_menu_typo_font_family":"0","ocean_menu_typo_font_subset":"","ocean_menu_typo_font_size":0,"ocean_menu_typo_font_size_tablet":0,"ocean_menu_typo_font_size_mobile":0,"ocean_menu_typo_font_size_unit":"px","ocean_menu_typo_font_weight":"","ocean_menu_typo_font_weight_tablet":"","ocean_menu_typo_font_weight_mobile":"","ocean_menu_typo_transform":"","ocean_menu_typo_transform_tablet":"","ocean_menu_typo_transform_mobile":"","ocean_menu_typo_line_height":0,"ocean_menu_typo_line_height_tablet":0,"ocean_menu_typo_line_height_mobile":0,"ocean_menu_typo_line_height_unit":"","ocean_menu_typo_spacing":0,"ocean_menu_typo_spacing_tablet":0,"ocean_menu_typo_spacing_mobile":0,"ocean_menu_typo_spacing_unit":"","ocean_menu_link_color":"","ocean_menu_link_color_hover":"","ocean_menu_link_color_active":"","ocean_menu_link_background":"","ocean_menu_link_hover_background":"","ocean_menu_link_active_background":"","ocean_menu_social_links_bg":"","ocean_menu_social_hover_links_bg":"","ocean_menu_social_links_color":"","ocean_menu_social_hover_links_color":"","ocean_disable_title":"default","ocean_disable_heading":"default","ocean_post_title":"","ocean_post_subheading":"Transformamos la Tecnolog\u00eda Usada en Oportunidades","ocean_post_title_style":"background-image","ocean_post_title_background_color":"","ocean_post_title_background":753,"ocean_post_title_bg_image_position":"center center","ocean_post_title_bg_image_attachment":"","ocean_post_title_bg_image_repeat":"","ocean_post_title_bg_image_size":"","ocean_post_title_height":0,"ocean_post_title_bg_overlay":0.5,"ocean_post_title_bg_overlay_color":"","ocean_disable_breadcrumbs":"default","ocean_breadcrumbs_color":"","ocean_breadcrumbs_separator_color":"","ocean_breadcrumbs_links_color":"","ocean_breadcrumbs_links_hover_color":"","ocean_display_footer_widgets":"default","ocean_display_footer_bottom":"default","ocean_custom_footer_template":"0","footnotes":""},"class_list":["post-189","page","type-page","status-publish","hentry","entry","owp-thumbs-layout-horizontal","owp-btn-normal","owp-tabs-layout-horizontal","has-no-thumbnails","has-product-nav"],"_links":{"self":[{"href":"https:\/\/segentech.co\/index.php?rest_route=\/wp\/v2\/pages\/189","targetHints":{"allow":["GET"]}}],"collection":[{"href":"https:\/\/segentech.co\/index.php?rest_route=\/wp\/v2\/pages"}],"about":[{"href":"https:\/\/segentech.co\/index.php?rest_route=\/wp\/v2\/types\/page"}],"author":[{"embeddable":true,"href":"https:\/\/segentech.co\/index.php?rest_route=\/wp\/v2\/users\/1"}],"replies":[{"embeddable":true,"href":"https:\/\/segentech.co\/index.php?rest_route=%2Fwp%2Fv2%2Fcomments&post=189"}],"version-history":[{"count":5,"href":"https:\/\/segentech.co\/index.php?rest_route=\/wp\/v2\/pages\/189\/revisions"}],"predecessor-version":[{"id":759,"href":"https:\/\/segentech.co\/index.php?rest_route=\/wp\/v2\/pages\/189\/revisions\/759"}],"wp:attachment":[{"href":"https:\/\/segentech.co\/index.php?rest_route=%2Fwp%2Fv2%2Fmedia&parent=189"}],"curies":[{"name":"wp","href":"https:\/\/api.w.org\/{rel}","templated":true}]}}